 the greatest common factor of 220 and x.
44
Suppose -5*w = 4*w - 153. Let r be (12 - 165)*-3*1. What is the highest common factor of r and w?
17
Let s be (-28)/(-5)*(440/16)/11. Suppose s = 3*i + 2*o, -3*o = 3*i - 5*o - 34. What is the highest common factor of 632 and i?
8
Let b be 2164/((3/6)/((-2)/(-8))). Let z = b + -649. Let t be z/3 + 2/(-6). Calculate the highest common factor of 16 and t.
16
Let b(f) be the third derivative of -f**5/60 + f**4/12 + 23*f**3/3 - 45*f**2. Let j be b(0). What is the highest common divisor of j and 322?
46
Let c = 50 + -16. Let u = c + 43. Calculate the greatest common divisor of u and 7.
7
Let m(j) = 33 + 7 - 5*j**3 - 13*j**2 - 10*j + 4*j**3 + 5 - 7. Let a be m(-12). Calculate the highest common factor of a and 742.
14
Let v be 72*(2/(-12) - 78/(-117)). What is the greatest common factor of 2358 and v?
18
Let d = -22 + 23. Let a be (2 - d - -1) + -21 + 22. Let g be 210 + -2 + a + -4. Calculate the greatest common divisor of g and 23.
23
Let b = 92 - 97. Let p be b*5/10*2 + 54. What is the greatest common divisor of p and 14?
7
Let m = 5689 - 5678. What is the greatest common divisor of m and 2299?
11
Suppose -34714*k + 1522080 = -34672*k. What is the greatest common factor of 60 and k?
60
Suppose -31*m - 2*m + 1327 - 469 = 0. What is the greatest common divisor of m and 1664?
26
Let w(p) = 9*p**3 + p**2 - 9*p + 4. Let b be w(2). What is the greatest common divisor of b and 1085?
31
Let f be 155 + (-9)/(3/1). Suppose -2*b - 2*s + f = 0, 3*b - 5*b = -3*s - 157. Let c be 216/20 - (-2)/10. Calculate the highest common divisor of b and c.
11
Let h = -3560 - -3571. Calculate the greatest common divisor of 8327 and h.
11
Suppose 3*n - 4*h = 182, 5*h - 48 = -n - 0*h. Let t = 22 - 55. Let y = n + t. What is the greatest common factor of 5 and y?
5
Suppose 18*n = -n + 12464. Let d = 674 - n. Calculate the greatest common factor of d and 63.
9
Let l be -6*-1*163/2 + 6. Calculate the greatest common divisor of l and 2640.
165
Suppose 4*t + r = 1454, 2*t + 12 = 2*r + 734. Suppose 5*b = 6*b - t. What is the highest common divisor of 66 and b?
33
Let u = -15 + 11. Let w(g) = -g**3 - 2*g**2 + g - 4. Let m be w(u). Let c be ((1 + -31)*306/255)/((-1)/3). What is the highest common divisor of c and m?
12
Suppose -2627 - 4131 = -56*u - 2054. What is the greatest common factor of u and 21?
21
Suppose -21 = 8*r - 13. Let l be (-36)/(-12) - r*(-2 + 24). What is the highest common divisor of l and 15?
5
Let i = -22484 + 22759. What is the highest common divisor of i and 1727?
11
Let f = 6 + -3. Let n(s) = 5*s + 3. Let d be n(f). Suppose 0*q - 11*q - 3*q = -168. What is the greatest common divisor of d and q?
6
Suppose 12925 + 4852 = 18*a + 3269. Let h(r) = 4*r - 22. Let g be h(12). Calculate the greatest common divisor of a and g.
26
Suppose -19*d + 12*d = -287. Suppose -4*j - 234 = -5*f, -d = -f - 0*j - 5*j. Suppose -f*n = -41*n - 810. Calculate the highest common factor of n and 18.
18
Let l(z) = -z**3 - 5*z**2 + 7*z + 1. Let q be l(-6). Let m be q/(-3) - 68/(-6). Let a = -9 + 22. What is the greatest common factor of a and m?
13
Let a(f) = f - 8. Let d be a(4). Let s(z) = -8*z - 7. Let l be s(d). Suppose -2*n + 21 = -l. Calculate the highest common divisor of 23 and n.
23
Let h be 18*(-85)/(3 - 20). Calculate the highest common divisor of h and 3690.
90
Suppose 3*c + 3*l = 138, -c - 115*l + 110*l + 38 = 0. Let g be (-8)/(4 - 430/105). What is the greatest common factor of g and c?
12
Let d be (-64)/(-20)*3120/192. Suppose -23*z = -19*z - 2392. Calculate the greatest common factor of d and z.
26
Let d(q) = -18*q - 3 - 104 - 66 + 2*q**2 + 5*q**2 + q**2. Let o be d(-7). Calculate the highest common factor of o and 15.
15
Let s(f) = -1568*f - 2746. Let d be s(-2). What is the highest common factor of 2 and d?
2
Let b be -3 + (-370)/(-2) + -5. Suppose -5*u - 3 = -4*u, -2*x = 3*u + b. Let d = -78 - x. Calculate the highest common factor of d and 12.
6
Suppose 0 = -3*s + b + 10, -s = 12*b - 15*b + 10. Suppose 1082 = s*h + a, 3*h + 5*a - 401 = 235. What is the highest common factor of 31 and h?
31
Let y = 40 + -49. Let v(h) = 3*h**2 + 5*h + 12. Let p be v(y). Suppose p = -18*s + 21*s. What is the highest common divisor of s and 14?
14
Let k(a) = -106*a**3 + a. Suppose 0 = -10*c + 8*c - 2. Let i be k(c). Let b be 126/24*(0 + 4). Calculate the highest common divisor of b and i.
21
Let z be (0 + 12/24)/(2/12). Let g be 5*6*(-213)/(-30). Let s be (-2)/(-6) - g/(-9). Calculate the greatest common divisor of z and s.
3
Suppose -5*u - 4*w = 520, 0 = u + 5*w + 85 + 19. Let r be 9 + u + (5 - 1)/(-1). Let g = -64 - r. What is the greatest common divisor of 175 and g?
35
Suppose 2*n + n - 390 = 0. Suppose 400 - n = -6*c. Let k be ((-54)/c)/(2/5). What is the greatest common factor of k and 6?
3
Suppose 5*d - 42 - 58 = 0. Let s = 41 - 39. Suppose 0*a - g = a - 59, 5*a = s*g + 302. Calculate the greatest common divisor of a and d.
20
Let n(f) = 22*f - 67. Let h = -249 - -255. Let d be n(h). Suppose -4*c - 50 = -4*z + 22, -25 = 5*c. Calculate the greatest common divisor of d and z.
13
Let o = 2765 + -2369. What is the greatest common factor of o and 2596?
44
Suppose p = 3*o - 1743, -5*o = 148*p - 152*p - 2912. What is the greatest common factor of o and 261?
29
Suppose -2*q + 25 = 3*z, -z - 3*z = -q - 4. Suppose 5*l = i + 408, 6*i + 4 = q*i. What is the greatest common divisor of l and 41?
41
Suppose -29*v - 9663 + 32241 = 42*v. Calculate the greatest common factor of 35298 and v.
318
Suppose 0*j - j + 354 = 3*c, -2*c + 225 = -3*j. Suppose 13*h = -11*h + 12 + 204. What is the greatest common divisor of h and c?
9
Let q be 58 - (35/5 - 2). Let j = 1011 + -746. What is the greatest common divisor of j and q?
53
Suppose -4*q + 208 - 132 = 0. Let l(y) = 21*y + 8*y - 7*y + 24 - y**2. Let s be l(q). What is the highest common factor of s and 27?
27
Let j(d) = 6*d**2 + 7*d - 2. Let t be j(6). Suppose 2*v = 5*f + 635, 2214*v - 2211*v - 2*f - 958 = 0. Calculate the highest common factor of v and t.
64
Let o = 15 - 13. Let d be 11/(-2)*(o - 0)*-57. Suppose -7*c + d = -605. What is the greatest common divisor of 22 and c?
22
Let m = -41 + 41. Let t(u) be the first derivative of u**2 + 10*u + 25. Let y be t(m). Calculate the greatest common divisor of 25 and y.
5
Suppose -26*z = -31*z + 420. Let u be (0 - -29) + (-103)/103. What is the greatest common factor of u and z?
28
Suppose -3*d = 0, 7*y - 5*y - 6 = -d. Suppose -1 = -c + y*s + 7, -s + 1 = 0. Calculate the greatest common divisor of c and 451.
11
Suppose -3*l + 3*b + 1983 = 0, 0*b = 2*l - 3*b - 1323. Let p(k) = k**3 + 9*k**2 + 9*k + 6. Let g be p(-6). What is the highest common factor of g and l?
60
Let i(o) = -2*o**2 - 181*o + 1569. Let c be i(-98). What is the highest common divisor of 123 and c?
3
Suppose 5*s = -25, s - 66484 = -11*w - 10752. What is the highest common factor of 9 and w?
9
Let k = -13 - -172. Suppose 33 = h - 0*h + 4*l, 3*h - 3*l - k = 0. Suppose 17 = -4*z + h. Calculate the highest common factor of z and 32.
8
Let s = 700 + 99. Suppose 7*x - 5*j - 225 = 2*x, -17*x - 4*j + 807 = 0. Calculate the greatest common factor of x and s.
47
Suppose 608*z - 176706 = 585*z - 26286. Calculate the highest common factor of z and 60.
60
Let k be -8 + (7 - 14) + 190. Calculate the greatest common factor of 1450 and k.
25
Suppose 3*d = r - 46, -2*r - d - 16 = -164. What is the highest common divisor of r and 3052?
14
Suppose -l + 3*l = 2. Let o be (l/2)/(3/48). Suppose 0 = 9*u - 7*u + 4*n - 24, -n = -2*u + 4. Calculate the greatest common divisor of u and o.
4
Let v be 5*(-5 - -3)*(-9 - 3). Let u be (-300)/v*(-252)/10. Let n = -9 + 18. Calculate the greatest common factor of n and u.
9
Suppose -56*q + 679 + 126 = -315. Calculate the greatest common factor of q and 470.
10
Suppose -4*h - 2*g + 646 = -350, h - 246 = g. What is the greatest common divisor of h and 4402?
62
Suppose -38*f + 83*f = 39*f + 36. What is the greatest common factor of f and 6522?
6
Let a(c) = 8*c**3 + 260*c**2 + 62*c + 120. Let g be a(-31). What is the greatest common factor of g and 30?
10
Let v be 169/4 - 6853/(-2492). Let l be 15/((-20)/(-18) + -1). What is the highest common factor of v and l?
45
Let v be (-1 - 1126/(-5